{"id":225,"date":"2023-08-19T09:44:10","date_gmt":"2023-08-19T09:44:10","guid":{"rendered":"https:\/\/migustoesmezcal.com\/?page_id=225"},"modified":"2023-08-26T18:34:31","modified_gmt":"2023-08-26T18:34:31","slug":"nosotros","status":"publish","type":"page","link":"https:\/\/migustoesmezcal.com\/index.php\/nosotros\/","title":{"rendered":"Nosotros"},"content":{"rendered":"\t\t<div data-elementor-type=\"wp-page\" data-elementor-id=\"225\" class=\"elementor elementor-225\" data-elementor-settings=\"[]\">\n\t\t\t\t\t\t<div class=\"elementor-inner\">\n\t\t\t\t\t\t\t<div class=\"elementor-section-wrap\">\n\t\t\t\t\t\t\t<section class=\"elementor-section elementor-top-section elementor-element elementor-element-3e8de0a4 elementor-section-height-min-height elementor-section-content-middle elementor-section-items-stretch elementor-section-full_width elementor-reverse-tablet elementor-reverse-mobile elementor-section-height-default\" data-id=\"3e8de0a4\" data-element_type=\"section\" data-settings=\"{&quot;background_background&quot;:&quot;classic&quot;,&quot;shape_divider_bottom&quot;:&quot;waves&quot;}\">\n\t\t\t\t\t<div class=\"elementor-shape elementor-shape-bottom\" data-negative=\"false\">\n\t\t\t<svg xmlns=\"http:\/\/www.w3.org\/2000\/svg\" viewBox=\"0 0 1000 100\" preserveAspectRatio=\"none\">\n\t<path class=\"elementor-shape-fill\" d=\"M421.9,6.5c22.6-2.5,51.5,0.4,75.5,5.3c23.6,4.9,70.9,23.5,100.5,35.7c75.8,32.2,133.7,44.5,192.6,49.7\n\tc23.6,2.1,48.7,3.5,103.4-2.5c54.7-6,106.2-25.6,106.2-25.6V0H0v30.3c0,0,72,32.6,158.4,30.5c39.2-0.7,92.8-6.7,134-22.4\n\tc21.2-8.1,52.2-18.2,79.7-24.2C399.3,7.9,411.6,7.5,421.9,6.5z\"\/>\n<\/svg>\t\t<\/div>\n\t\t\t\t\t<div class=\"elementor-container elementor-column-gap-default\">\n\t\t\t\t\t\t\t<div class=\"elementor-row\">\n\t\t\t\t\t<div class=\"elementor-column elementor-col-50 elementor-top-column elementor-element elementor-element-4fe09a05\" data-id=\"4fe09a05\" data-element_type=\"column\">\n\t\t\t<div class=\"elementor-column-wrap elementor-element-populated\">\n\t\t\t\t\t\t\t<div class=\"elementor-widget-wrap\">\n\t\t\t\t\t\t<div class=\"elementor-element elementor-element-4ef51bbc elementor-widget elementor-widget-heading\" data-id=\"4ef51bbc\" data-element_type=\"widget\" data-widget_type=\"heading.default\">\n\t\t\t\t<div class=\"elementor-widget-container\">\n\t\t\t<h1 class=\"elementor-heading-title elementor-size-default\">Historia<\/h1>\t\t<\/div>\n\t\t\t\t<\/div>\n\t\t\t\t<div class=\"elementor-element elementor-element-6c68371 elementor-widget elementor-widget-spacer\" data-id=\"6c68371\" data-element_type=\"widget\" data-widget_type=\"spacer.default\">\n\t\t\t\t<div class=\"elementor-widget-container\">\n\t\t\t\t\t<div class=\"elementor-spacer\">\n\t\t\t<div class=\"elementor-spacer-inner\"><\/div>\n\t\t<\/div>\n\t\t\t\t<\/div>\n\t\t\t\t<\/div>\n\t\t\t\t<div class=\"elementor-element elementor-element-71a213a elementor-widget elementor-widget-text-editor\" data-id=\"71a213a\" data-element_type=\"widget\" data-widget_type=\"text-editor.default\">\n\t\t\t\t<div class=\"elementor-widget-container\">\n\t\t\t\t\t<div class=\"elementor-text-editor elementor-clearfix\">La empresa mezcalera \u201cMi Gusto Es\u201d tiene sus or\u00edgenes alrededor de 1984 en un peque\u00f1o palenque r\u00fastico ubicado en la localidad de Santiago Matatl\u00e1n en el estado de Oaxaca, sus iniciadores son Martin Garc\u00eda Sernas Y Simona L\u00f3pez Hern\u00e1ndez en ese entonces una pareja de reci\u00e9n casados  decididos a conservar la venta ancestral de mezcal, llevando esta bebida de manera informal en la ciudad de Oaxaca.\n\nPor las venas  de estos productores corr\u00eda sangre de maestros mezcaleros, quienes fueron los que les transmitieron todos los conocimientos necesarios para obtener la bebida de los dioses, para 1998 ten\u00edan su f\u00e1brica de mezcal la cual han mantenido con arduo trabajo. \n\nEn 2012 la empresa se constituy\u00f3 como \u201c Mezcaler\u00eda Mi Gusto Es S.A. de C.V.\u201d gracias a la gesti\u00f3n de sus hijos y el apoyo de un administrador externo quedando al frente como representante legal el  Ing. Nelson Andr\u00e9s Garc\u00eda L\u00f3pez, desde ese entonces se logr\u00f3 la instalaci\u00f3n de una envasadora semiautom\u00e1tica misma que fortaleci\u00f3 el desarrollo de sus procesos de calidad.  \nActualmente cuenta con 2 marcas registradas \u201cMi gusto es\u201d y \u201cLa comparsa\u201d  destacando la primera por ya cumplir con las especificaciones y caracter\u00edsticas de calidad del mezcal, bajo las regulaciones acorde a la NOM-070-SCFI otorgado por el  organismo certificador  AMMA A.C.\n\n\n<\/div>\n\t\t\t\t<\/div>\n\t\t\t\t<\/div>\n\t\t\t\t<div class=\"elementor-element elementor-element-602a997 elementor-widget elementor-widget-spacer\" data-id=\"602a997\" data-element_type=\"widget\" data-widget_type=\"spacer.default\">\n\t\t\t\t<div class=\"elementor-widget-container\">\n\t\t\t\t\t<div class=\"elementor-spacer\">\n\t\t\t<div class=\"elementor-spacer-inner\"><\/div>\n\t\t<\/div>\n\t\t\t\t<\/div>\n\t\t\t\t<\/div>\n\t\t\t\t\t\t<\/div>\n\t\t\t\t\t<\/div>\n\t\t<\/div>\n\t\t\t\t<div class=\"elementor-column elementor-col-50 elementor-top-column elementor-element elementor-element-36002730\" data-id=\"36002730\" data-element_type=\"column\">\n\t\t\t<div class=\"elementor-column-wrap elementor-element-populated\">\n\t\t\t\t\t\t\t<div class=\"elementor-widget-wrap\">\n\t\t\t\t\t\t<div class=\"elementor-element elementor-element-9d8fcab elementor-widget elementor-widget-image\" data-id=\"9d8fcab\" data-element_type=\"widget\" data-widget_type=\"image.default\">\n\t\t\t\t<div class=\"elementor-widget-container\">\n\t\t\t\t\t<div class=\"elementor-image\">\n\t\t\t\t\t\t\t\t\t\t<img width=\"768\" height=\"1120\" src=\"https:\/\/migustoesmezcal.com\/wp-content\/uploads\/2023\/08\/CCI_000034-1-768x1120.jpg\" class=\"attachment-medium_large size-medium_large\" alt=\"\" decoding=\"async\" loading=\"lazy\" srcset=\"https:\/\/migustoesmezcal.com\/wp-content\/uploads\/2023\/08\/CCI_000034-1-768x1120.jpg 768w, https:\/\/migustoesmezcal.com\/wp-content\/uploads\/2023\/08\/CCI_000034-1-206x300.jpg 206w, https:\/\/migustoesmezcal.com\/wp-content\/uploads\/2023\/08\/CCI_000034-1-702x1024.jpg 702w, https:\/\/migustoesmezcal.com\/wp-content\/uploads\/2023\/08\/CCI_000034-1-1053x1536.jpg 1053w, https:\/\/migustoesmezcal.com\/wp-content\/uploads\/2023\/08\/CCI_000034-1.jpg 1404w\" sizes=\"(max-width: 768px) 100vw, 768px\" \/>\t\t\t\t\t\t\t\t\t\t\t<\/div>\n\t\t\t\t<\/div>\n\t\t\t\t<\/div>\n\t\t\t\t\t\t<\/div>\n\t\t\t\t\t<\/div>\n\t\t<\/div>\n\t\t\t\t\t\t\t\t<\/div>\n\t\t\t\t\t<\/div>\n\t\t<\/section>\n\t\t\t\t<section class=\"elementor-section elementor-top-section elementor-element elementor-element-2e04966 elementor-section-height-min-height elementor-section-content-middle elementor-section-items-stretch elementor-section-boxed elementor-section-height-default\" data-id=\"2e04966\" data-element_type=\"section\" data-settings=\"{&quot;background_background&quot;:&quot;classic&quot;}\">\n\t\t\t\t\t\t<div class=\"elementor-container elementor-column-gap-default\">\n\t\t\t\t\t\t\t<div class=\"elementor-row\">\n\t\t\t\t\t<div class=\"elementor-column elementor-col-50 elementor-top-column elementor-element elementor-element-8d123f4\" data-id=\"8d123f4\" data-element_type=\"column\" data-settings=\"{&quot;background_background&quot;:&quot;classic&quot;}\">\n\t\t\t<div class=\"elementor-column-wrap elementor-element-populated\">\n\t\t\t\t\t\t\t<div class=\"elementor-widget-wrap\">\n\t\t\t\t\t\t<div class=\"elementor-element elementor-element-af71a99 elementor-widget elementor-widget-spacer\" data-id=\"af71a99\" data-element_type=\"widget\" data-widget_type=\"spacer.default\">\n\t\t\t\t<div class=\"elementor-widget-container\">\n\t\t\t\t\t<div class=\"elementor-spacer\">\n\t\t\t<div class=\"elementor-spacer-inner\"><\/div>\n\t\t<\/div>\n\t\t\t\t<\/div>\n\t\t\t\t<\/div>\n\t\t\t\t<div class=\"elementor-element elementor-element-ac74151 elementor-widget__width-auto elementor-absolute elementor-widget elementor-widget-image\" data-id=\"ac74151\" data-element_type=\"widget\" data-settings=\"{&quot;_position&quot;:&quot;absolute&quot;,&quot;motion_fx_motion_fx_mouse&quot;:&quot;yes&quot;,&quot;motion_fx_mouseTrack_effect&quot;:&quot;yes&quot;,&quot;motion_fx_tilt_effect&quot;:&quot;yes&quot;,&quot;motion_fx_tilt_speed&quot;:{&quot;unit&quot;:&quot;px&quot;,&quot;size&quot;:1.2,&quot;sizes&quot;:[]},&quot;motion_fx_mouseTrack_speed&quot;:{&quot;unit&quot;:&quot;px&quot;,&quot;size&quot;:1,&quot;sizes&quot;:[]}}\" data-widget_type=\"image.default\">\n\t\t\t\t<div class=\"elementor-widget-container\">\n\t\t\t\t\t<div class=\"elementor-image\">\n\t\t\t\t\t\t\t\t\t\t<img width=\"300\" height=\"300\" src=\"https:\/\/migustoesmezcal.com\/wp-content\/uploads\/2023\/08\/Imagen-blanco-300x300.png\" class=\"attachment-medium size-medium\" alt=\"\" decoding=\"async\" loading=\"lazy\" srcset=\"https:\/\/migustoesmezcal.com\/wp-content\/uploads\/2023\/08\/Imagen-blanco-300x300.png 300w, https:\/\/migustoesmezcal.com\/wp-content\/uploads\/2023\/08\/Imagen-blanco-150x150.png 150w, https:\/\/migustoesmezcal.com\/wp-content\/uploads\/2023\/08\/Imagen-blanco-768x768.png 768w, https:\/\/migustoesmezcal.com\/wp-content\/uploads\/2023\/08\/Imagen-blanco.png 794w\" sizes=\"(max-width: 300px) 100vw, 300px\" \/>\t\t\t\t\t\t\t\t\t\t\t<\/div>\n\t\t\t\t<\/div>\n\t\t\t\t<\/div>\n\t\t\t\t\t\t<\/div>\n\t\t\t\t\t<\/div>\n\t\t<\/div>\n\t\t\t\t<div class=\"elementor-column elementor-col-50 elementor-top-column elementor-element elementor-element-b7551a8\" data-id=\"b7551a8\" data-element_type=\"column\">\n\t\t\t<div class=\"elementor-column-wrap elementor-element-populated\">\n\t\t\t\t\t\t\t<div class=\"elementor-widget-wrap\">\n\t\t\t\t\t\t<div class=\"elementor-element elementor-element-6a005d6 elementor-widget elementor-widget-heading\" data-id=\"6a005d6\" data-element_type=\"widget\" data-widget_type=\"heading.default\">\n\t\t\t\t<div class=\"elementor-widget-container\">\n\t\t\t<h2 class=\"elementor-heading-title elementor-size-small\">Misi\u00f3n<\/h2>\t\t<\/div>\n\t\t\t\t<\/div>\n\t\t\t\t<div class=\"elementor-element elementor-element-4a97aab elementor-widget elementor-widget-text-editor\" data-id=\"4a97aab\" data-element_type=\"widget\" data-widget_type=\"text-editor.default\">\n\t\t\t\t<div class=\"elementor-widget-container\">\n\t\t\t\t\t<div class=\"elementor-text-editor elementor-clearfix\"><p><span style=\"font-weight: 400;\">Producir y comercializar mezcal 100% de maguey utilizando y conservando los sabios conocimientos, herencia de\u00a0 un legado ancestral, sobre la elaboraci\u00f3n de esta bebida para ofrecer un producto de excelencia para los distintos paladares llegando hasta los m\u00e1s exigentes y compartir el gusto por la cultura del mezcal.<\/span><\/p><\/div>\n\t\t\t\t<\/div>\n\t\t\t\t<\/div>\n\t\t\t\t<div class=\"elementor-element elementor-element-58a1d72 elementor-widget elementor-widget-heading\" data-id=\"58a1d72\" data-element_type=\"widget\" data-widget_type=\"heading.default\">\n\t\t\t\t<div class=\"elementor-widget-container\">\n\t\t\t<h2 class=\"elementor-heading-title elementor-size-small\">Visi\u00f3n<\/h2>\t\t<\/div>\n\t\t\t\t<\/div>\n\t\t\t\t<div class=\"elementor-element elementor-element-1cdde28 elementor-widget elementor-widget-text-editor\" data-id=\"1cdde28\" data-element_type=\"widget\" data-widget_type=\"text-editor.default\">\n\t\t\t\t<div class=\"elementor-widget-container\">\n\t\t\t\t\t<div class=\"elementor-text-editor elementor-clearfix\"><p><span style=\"font-weight: 400;\">Ser una empresa mezcalera oaxaque\u00f1a reconocida mundialmente por la excelencia de nuestros productos en el\u00a0 mercado de bebidas espirituosas, gracias al proceso artesanal \u00fanico, la herencia de la\u00a0 cultura l\u00edquida y la pasi\u00f3n por el mezcal.<\/span><\/p><\/div>\n\t\t\t\t<\/div>\n\t\t\t\t<\/div>\n\t\t\t\t\t\t<\/div>\n\t\t\t\t\t<\/div>\n\t\t<\/div>\n\t\t\t\t\t\t\t\t<\/div>\n\t\t\t\t\t<\/div>\n\t\t<\/section>\n\t\t\t\t\t\t<\/div>\n\t\t\t\t\t\t<\/div>\n\t\t\t\t\t<\/div>\n\t\t","protected":false},"excerpt":{"rendered":"<p>Historia La empresa mezcalera \u201cMi Gusto Es\u201d tiene sus or\u00edgenes alrededor de 1984 en un peque\u00f1o palenque r\u00fastico ubicado en la localidad de Santiago Matatl\u00e1n en el estado de Oaxaca, sus iniciadores son Martin Garc\u00eda Sernas Y Simona L\u00f3pez Hern\u00e1ndez en ese entonces una pareja de reci\u00e9n casados decididos a conservar la venta ancestral de [&hellip;]<\/p>\n","protected":false},"author":1,"featured_media":0,"parent":0,"menu_order":0,"comment_status":"closed","ping_status":"closed","template":"","meta":[],"_links":{"self":[{"href":"https:\/\/migustoesmezcal.com\/index.php\/wp-json\/wp\/v2\/pages\/225"}],"collection":[{"href":"https:\/\/migustoesmezcal.com\/index.php\/wp-json\/wp\/v2\/pages"}],"about":[{"href":"https:\/\/migustoesmezcal.com\/index.php\/wp-json\/wp\/v2\/types\/page"}],"author":[{"embeddable":true,"href":"https:\/\/migustoesmezcal.com\/index.php\/wp-json\/wp\/v2\/users\/1"}],"replies":[{"embeddable":true,"href":"https:\/\/migustoesmezcal.com\/index.php\/wp-json\/wp\/v2\/comments?post=225"}],"version-history":[{"count":45,"href":"https:\/\/migustoesmezcal.com\/index.php\/wp-json\/wp\/v2\/pages\/225\/revisions"}],"predecessor-version":[{"id":519,"href":"https:\/\/migustoesmezcal.com\/index.php\/wp-json\/wp\/v2\/pages\/225\/revisions\/519"}],"wp:attachment":[{"href":"https:\/\/migustoesmezcal.com\/index.php\/wp-json\/wp\/v2\/media?parent=225"}],"curies":[{"name":"wp","href":"https:\/\/api.w.org\/{rel}","templated":true}]}}